{"id":149,"date":"2021-10-09T18:15:26","date_gmt":"2021-10-09T18:15:26","guid":{"rendered":"https:\/\/tunatheme.com\/tf\/wp\/autixir\/?page_id=149"},"modified":"2025-02-22T15:54:31","modified_gmt":"2025-02-22T15:54:31","slug":"iletisim","status":"publish","type":"page","link":"https:\/\/ozkan-oto.com\/index.php\/iletisim\/","title":{"rendered":"\u0130leti\u015fim"},"content":{"rendered":"\t\t<div data-elementor-type=\"wp-page\" data-elementor-id=\"149\" class=\"elementor elementor-149\">\n\t\t\t\t\t\t<section class=\"elementor-section elementor-top-section elementor-element elementor-element-4858426 elementor-section-full_width elementor-section-height-default elementor-section-height-default\" data-id=\"4858426\" data-element_type=\"section\">\n\t\t\t\t\t\t<div class=\"elementor-container elementor-column-gap-no\">\n\t\t\t\t\t<div class=\"elementor-column elementor-col-100 elementor-top-column elementor-element elementor-element-0b56232\" data-id=\"0b56232\" data-element_type=\"column\">\n\t\t\t<div class=\"elementor-widget-wrap elementor-element-populated\">\n\t\t\t\t\t\t<div class=\"elementor-element elementor-element-f41670a elementor-widget elementor-widget-autixir_contact_box\" data-id=\"f41670a\" data-element_type=\"widget\" data-widget_type=\"autixir_contact_box.default\">\n\t\t\t\t<div class=\"elementor-widget-container\">\n\t\t\t\t\t<div class=\"ltn__contact-address-area mb-90 \">\r\n    <div class=\"container\">\r\n        <div class=\"row\">\r\n                    <div class=\"col-lg-4\">\r\n                <div class=\"ltn__contact-address-item ltn__contact-address-item-3 box-shadow\">\r\n                    <div class=\"ltn__contact-address-icon\">\r\n                    <img decoding=\"async\" width=\"90\" height=\"88\" src=\"https:\/\/ozkan-oto.com\/wp-content\/uploads\/2021\/10\/10-1.png\" class=\"attachment-full size-full\" alt=\"\" \/>                    <\/div>\r\n                    <h3>E Posta Adresi<\/h3>\r\n                    <p>iletisim@ozkan-oto.com<\/br> E Posta At\u0131n<\/p>\r\n                <\/div>\r\n            <\/div>\r\n                        <div class=\"col-lg-4\">\r\n                <div class=\"ltn__contact-address-item ltn__contact-address-item-3 box-shadow\">\r\n                    <div class=\"ltn__contact-address-icon\">\r\n                    <img decoding=\"async\" width=\"90\" height=\"87\" src=\"https:\/\/ozkan-oto.com\/wp-content\/uploads\/2021\/10\/11.png\" class=\"attachment-full size-full\" alt=\"\" \/>                    <\/div>\r\n                    <h3>Telefon Numaras\u0131<\/h3>\r\n                    <p>+90 533 651 59 07<\/br> Hemen Aray\u0131n.<\/p>\r\n                <\/div>\r\n            <\/div>\r\n                        <div class=\"col-lg-4\">\r\n                <div class=\"ltn__contact-address-item ltn__contact-address-item-3 box-shadow\">\r\n                    <div class=\"ltn__contact-address-icon\">\r\n                    <img decoding=\"async\" width=\"90\" height=\"87\" src=\"https:\/\/ozkan-oto.com\/wp-content\/uploads\/2021\/10\/12.png\" class=\"attachment-full size-full\" alt=\"\" \/>                    <\/div>\r\n                    <h3>Adresimiz<\/h3>\r\n                    <p>Avni Tolunay, 4512. Sk. No:6, 07220 Kepez\/Antalya<\/p>\r\n                <\/div>\r\n            <\/div>\r\n                    <\/div>\r\n    <\/div>\r\n<\/div>\r\n \t\t\t\t<\/div>\n\t\t\t\t<\/div>\n\t\t\t\t\t<\/div>\n\t\t<\/div>\n\t\t\t\t\t<\/div>\n\t\t<\/section>\n\t\t\t\t<section class=\"elementor-section elementor-top-section elementor-element elementor-element-77faa2e ltn__contact-message-area mb-120 mb--100 elementor-section-boxed elementor-section-height-default elementor-section-height-default\" data-id=\"77faa2e\" data-element_type=\"section\">\n\t\t\t\t\t\t<div class=\"elementor-container elementor-column-gap-no\">\n\t\t\t\t\t<div class=\"elementor-column elementor-col-100 elementor-top-column elementor-element elementor-element-8423e83\" data-id=\"8423e83\" data-element_type=\"column\">\n\t\t\t<div class=\"elementor-widget-wrap elementor-element-populated\">\n\t\t\t\t\t\t<div class=\"elementor-element elementor-element-b80a0a9 ltn__form-box contact-form-box box-shadow white-bg elementor-widget elementor-widget-text-editor\" data-id=\"b80a0a9\" data-element_type=\"widget\" data-widget_type=\"text-editor.default\">\n\t\t\t\t<div class=\"elementor-widget-container\">\n\t\t\t\t\t\t\t\t\t<h4 class=\"title-2\">\u0130leti\u015fim Formu<\/h4>\n\n<div class=\"wpcf7 no-js\" id=\"wpcf7-f52-o1\" lang=\"en-US\" dir=\"ltr\" data-wpcf7-id=\"52\">\n<div class=\"screen-reader-response\"><p role=\"status\" aria-live=\"polite\" aria-atomic=\"true\"><\/p> <ul><\/ul><\/div>\n<form action=\"\/index.php\/wp-json\/wp\/v2\/pages\/149#wpcf7-f52-o1\" method=\"post\" class=\"wpcf7-form init\" aria-label=\"Contact form\" novalidate=\"novalidate\" data-status=\"init\">\n<div style=\"display: none;\">\n<input type=\"hidden\" name=\"_wpcf7\" value=\"52\" \/>\n<input type=\"hidden\" name=\"_wpcf7_version\" value=\"6.0.4\" \/>\n<input type=\"hidden\" name=\"_wpcf7_locale\" value=\"en_US\" \/>\n<input type=\"hidden\" name=\"_wpcf7_unit_tag\" value=\"wpcf7-f52-o1\" \/>\n<input type=\"hidden\" name=\"_wpcf7_container_post\" value=\"0\" \/>\n<input type=\"hidden\" name=\"_wpcf7_posted_data_hash\" value=\"\" \/>\n<\/div>\n<div class=\"row\">\n\t<div class=\"col-md-6\">\n\t\t<div class=\"input-item input-item-name ltn__custom-icon\">\n\t\t\t<p><span class=\"wpcf7-form-control-wrap\" data-name=\"your-name\"><input size=\"40\" maxlength=\"400\" class=\"wpcf7-form-control wpcf7-text wpcf7-validates-as-required\" aria-required=\"true\" aria-invalid=\"false\" placeholder=\"Ad\u0131n\u0131z\u0131 Giriniz\" value=\"\" type=\"text\" name=\"your-name\" \/><\/span>\n\t\t\t<\/p>\n\t\t<\/div>\n\t<\/div>\n\t<div class=\"col-md-6\">\n\t\t<div class=\"input-item input-item-email ltn__custom-icon\">\n\t\t\t<p><span class=\"wpcf7-form-control-wrap\" data-name=\"your-email\"><input size=\"40\" maxlength=\"400\" class=\"wpcf7-form-control wpcf7-email wpcf7-validates-as-required wpcf7-text wpcf7-validates-as-email\" aria-required=\"true\" aria-invalid=\"false\" placeholder=\"E-Posta Adresi\" value=\"\" type=\"email\" name=\"your-email\" \/><\/span>\n\t\t\t<\/p>\n\t\t<\/div>\n\t<\/div>\n\t<div class=\"col-md-6\">\n\t\t<div class=\"input-item\">\n\t\t\t<p><span class=\"wpcf7-form-control-wrap\" data-name=\"class:nice-select\"><select class=\"wpcf7-form-control wpcf7-select\" aria-invalid=\"false\" name=\"class:nice-select\"><option value=\"Hizmetlerimiz\">Hizmetlerimiz<\/option><option value=\"Boyas\u0131z G\u00f6\u00e7\u00fck Onar\u0131m\">Boyas\u0131z G\u00f6\u00e7\u00fck Onar\u0131m<\/option><option value=\"Ara\u00e7 PPF Kaplama\">Ara\u00e7 PPF Kaplama<\/option><option value=\"Seramik Kaplama\">Seramik Kaplama<\/option><option value=\"\u00c7izik Onar\u0131m\">\u00c7izik Onar\u0131m<\/option><option value=\"Cam Filmi\">Cam Filmi<\/option><option value=\"Oto Y\u0131kama\">Oto Y\u0131kama<\/option><\/select><\/span>\n\t\t\t<\/p>\n\t\t<\/div>\n\t<\/div>\n\t<div class=\"col-md-6\">\n\t\t<div class=\"input-item input-item-phone ltn__custom-icon\">\n\t\t\t<p><span class=\"wpcf7-form-control-wrap\" data-name=\"your-phone\"><input size=\"40\" maxlength=\"400\" class=\"wpcf7-form-control wpcf7-text wpcf7-validates-as-required\" aria-required=\"true\" aria-invalid=\"false\" placeholder=\"Telefon Numaran\u0131z\" value=\"\" type=\"text\" name=\"your-phone\" \/><\/span>\n\t\t\t<\/p>\n\t\t<\/div>\n\t<\/div>\n<\/div>\n<div class=\"input-item input-item-textarea ltn__custom-icon\">\n\t<p><span class=\"wpcf7-form-control-wrap\" data-name=\"your-message\"><textarea cols=\"40\" rows=\"10\" maxlength=\"2000\" class=\"wpcf7-form-control wpcf7-textarea\" aria-invalid=\"false\" placeholder=\"Mesaj\u0131n\u0131z\u0131 Giriniz\" name=\"your-message\"><\/textarea><\/span>\n\t<\/p>\n<\/div>\n<p><label class=\"input-info-save mb-0\"><span class=\"wpcf7-form-control-wrap\" data-name=\"your-agree\"><span class=\"wpcf7-form-control wpcf7-checkbox wpcf7-validates-as-required\"><span class=\"wpcf7-list-item first last\"><label><input type=\"checkbox\" name=\"your-agree[]\" value=\"Mesaj\u0131 G\u00f6ndermeyi Onayl\u0131yorum.\" \/><span class=\"wpcf7-list-item-label\">Mesaj\u0131 G\u00f6ndermeyi Onayl\u0131yorum.<\/span><\/label><\/span><\/span><\/span><\/label>\n<\/p>\n<div class=\"btn-wrapper mt-0\">\n\t<p><button class=\"btn theme-btn-1 btn-effect-1 text-uppercase wpcf7-form-control has-spinner wpcf7-submit\" type=\"submit\">G\u00f6nder<\/button>\n\t<\/p>\n<\/div><div class=\"wpcf7-response-output\" aria-hidden=\"true\"><\/div>\n<\/form>\n<\/div>\n\t\t\t\t\t\t\t\t<\/div>\n\t\t\t\t<\/div>\n\t\t\t\t\t<\/div>\n\t\t<\/div>\n\t\t\t\t\t<\/div>\n\t\t<\/section>\n\t\t\t\t<section class=\"elementor-section elementor-top-section elementor-element elementor-element-534d516 elementor-section-full_width elementor-section-height-default elementor-section-height-default\" data-id=\"534d516\" data-element_type=\"section\">\n\t\t\t\t\t\t<div class=\"elementor-container elementor-column-gap-no\">\n\t\t\t\t\t<div class=\"elementor-column elementor-col-100 elementor-top-column elementor-element elementor-element-8f967f9\" data-id=\"8f967f9\" data-element_type=\"column\">\n\t\t\t<div class=\"elementor-widget-wrap elementor-element-populated\">\n\t\t\t\t\t\t<div class=\"elementor-element elementor-element-ffb2724 elementor-widget elementor-widget-google_maps\" data-id=\"ffb2724\" data-element_type=\"widget\" data-widget_type=\"google_maps.default\">\n\t\t\t\t<div class=\"elementor-widget-container\">\n\t\t\t\t\t\t\t<div class=\"elementor-custom-embed\">\n\t\t\t<iframe loading=\"lazy\"\n\t\t\t\t\tsrc=\"https:\/\/maps.google.com\/maps?q=Avni%20Tolunay%2C%204512.%20Sk.%20No%3A6%2C%2007220%20Kepez%2FAntalya&#038;t=m&#038;z=17&#038;output=embed&#038;iwloc=near\"\n\t\t\t\t\ttitle=\"Avni Tolunay, 4512. Sk. No:6, 07220 Kepez\/Antalya\"\n\t\t\t\t\taria-label=\"Avni Tolunay, 4512. Sk. No:6, 07220 Kepez\/Antalya\"\n\t\t\t><\/iframe>\n\t\t<\/div>\n\t\t\t\t\t\t<\/div>\n\t\t\t\t<\/div>\n\t\t\t\t\t<\/div>\n\t\t<\/div>\n\t\t\t\t\t<\/div>\n\t\t<\/section>\n\t\t\t\t<\/div>\n\t\t","protected":false},"excerpt":{"rendered":"<p>E Posta Adresi iletisim@ozkan-oto.com E Posta At\u0131n Telefon Numaras\u0131 +90 533 651 59 07 Hemen Aray\u0131n. Adresimiz Avni Tolunay, 4512. Sk. No:6, 07220 Kepez\/Antalya \u0130leti\u015fim Formu<\/p>\n","protected":false},"author":1,"featured_media":0,"parent":0,"menu_order":0,"comment_status":"closed","ping_status":"closed","template":"elementor_header_footer","meta":{"footnotes":""},"class_list":["post-149","page","type-page","status-publish","hentry"],"_links":{"self":[{"href":"https:\/\/ozkan-oto.com\/index.php\/wp-json\/wp\/v2\/pages\/149","targetHints":{"allow":["GET"]}}],"collection":[{"href":"https:\/\/ozkan-oto.com\/index.php\/wp-json\/wp\/v2\/pages"}],"about":[{"href":"https:\/\/ozkan-oto.com\/index.php\/wp-json\/wp\/v2\/types\/page"}],"author":[{"embeddable":true,"href":"https:\/\/ozkan-oto.com\/index.php\/wp-json\/wp\/v2\/users\/1"}],"replies":[{"embeddable":true,"href":"https:\/\/ozkan-oto.com\/index.php\/wp-json\/wp\/v2\/comments?post=149"}],"version-history":[{"count":8,"href":"https:\/\/ozkan-oto.com\/index.php\/wp-json\/wp\/v2\/pages\/149\/revisions"}],"predecessor-version":[{"id":1207,"href":"https:\/\/ozkan-oto.com\/index.php\/wp-json\/wp\/v2\/pages\/149\/revisions\/1207"}],"wp:attachment":[{"href":"https:\/\/ozkan-oto.com\/index.php\/wp-json\/wp\/v2\/media?parent=149"}],"curies":[{"name":"wp","href":"https:\/\/api.w.org\/{rel}","templated":true}]}}